 = 0. What are the prime factors of j?
2, 3, 5, 11
Let d be 740*2/20*4. What are the prime factors of (-6)/(d/76 - 4)?
3, 19
Suppose 10*m - 35389 + 8909 = 0. What are the prime factors of m?
2, 331
Let q(p) = p**2 - 4*p - 17. Let c be q(7). Suppose 3*d + c*j - 110 = 0, d + 3*d = 3*j + 105. What are the prime factors of d?
2, 3, 5
Let v = 60 + -104. What are the prime factors of v/66 - (-290)/3?
2, 3
Let m be 3*-2*(-64)/12. Let v = m + -13. Let p = v - 6. What are the prime factors of p?
13
List the prime factors of 3574/6 - (-9)/27.
2, 149
Suppose -r - 8 = -3*r. Let c be 17/4 - 1/r. Suppose -o + 39 = c*h, -3*h = -5*o + 2*h + 95. List the prime factors of o.
23
Let l = 21 + -12. Let m be 6/9 + 66/l. What are the prime factors of m/(-20) + 144/10?
2, 7
Let c be 3/((-9)/282) + -2. Let f = 51 + c. Let b = f + 66. List the prime factors of b.
3, 7
Let k be (45/(-2))/((-11)/22). Let z be (4/5)/((-3)/k). List the prime factors of 16/z - (-534)/9.
2, 29
Let g be 4 + (-5 + 3 - -1). Suppose g*m + 33 = 348. List the prime factors of m.
3, 5, 7
Let a be (-1 + 4)/(9/(-42)). List the prime factors of a/105 + (-2 - (-917)/15).
59
Let q = 11 - -28. Suppose z - 52 = 4*m, -2*z + q = 7*m - 2*m. List the prime factors of z.
2
Let c be 12/4 + (3 - 2). Let d be 3 - (-5 + -2)*c. Let n = d + 3. What are the prime factors of n?
2, 17
Let u be 6/10*(-35)/(-7). Suppose 0 = 5*z - u*z - 10. What are the prime factors of 7*3 + z + -9?
17
Let m(o) = 2 + 1 + o**3 - 21*o + 7 + 5*o - 13*o**2. Let i be m(14). What are the prime factors of (-426)/(-27) + (-4)/i?
2
Let w(k) = -2*k - 12. Let o be w(-6). Let f(m) = -m**2 + m + 2. Let y be f(o). What are the prime factors of y/3 + (-64)/(-12)?
2, 3
Let k = 1966 - 506. What are the prime factors of k?
2, 5, 73
Let v(y) = -11 + 54*y + 7*y**2 - 61*y + 12*y**2. What are the prime factors of v(4)?
5, 53
Let m = -1877 - -3286. List the prime factors of m.
1409
Let k(b) = -508*b**3 + b**2 + 3*b + 1. Let h be k(-1). Let v be 1/(2 + h/(-255)). Suppose 2*u + v = 221. What are the prime factors of u?
2, 17
Suppose -62*l + 61815 = -23*l. What are the prime factors of l?
5, 317
Suppose -g - 5 = -0*g. Let u(i) = i**2 + 3*i - 5. Let k be u(g). Suppose -2*j + 83 = -5*b, k*j - 40 = 4*j + b. What are the prime factors of j?
3, 13
Let o be 9/(-6)*(-10)/3. Suppose -w - o*t = -4*w + 27, 0 = 2*t. Let y = 27 - w. List the prime factors of y.
2, 3
Let x = 196 - 100. What are the prime factors of ((-116)/(-6))/(x/(-18) - -6)?
29
Let v be 24*(-1)/(3/(2 - 3)). Suppose -6*u = -v*u + 264. List the prime factors of u.
2, 3, 11
Let t be (-4)/((-12)/(-13))*9. Let y = t - -27. Let v = 25 + y. What are the prime factors of v?
13
Suppose 35 = 3*y + 5. Suppose 2*h - y = 4*h. Let c = 8 - h. List the prime factors of c.
13
Suppose 4*g - 5*g = 4. Let q be ((-5)/g)/(6/120). Let c = q + -7. What are the prime factors of c?
2, 3
Let l be 0 - (-3 + 1 + 0). Suppose -3*h + 66 = -4*i, 0*i = l*h + 2*i - 58. Suppose z = 4*g + h, 5*z - 145 = 2*g + 3*g. What are the prime factors of z?
2, 3, 5
Let b(j) = 2*j - 12. Let u be b(6). Suppose u = -q + 58 + 39. List the prime factors of q.
97
Let q(n) = n**3 + 30*n**2 - 5*n + 2. List the prime factors of q(-12).
2, 1327
Let n(m) = -2*m**2 + m + 7. Let d(q) = 3*q**2 - 2*q - 13. Let f(h) = -3*d(h) - 5*n(h). What are the prime factors of f(-5)?
2, 3
Suppose 3*d + d + 5*s = -7, s = -5*d + 7. Suppose d*c + 5*i - 193 = 0, 0*c + 94 = c + 2*i. Let b = c + -55. What are the prime factors of b?
29
Suppose -3*t + 4*x + 25 = 0, -38 = -5*t - 0*x + 3*x. Suppose 5*o - 16 = 2*j, 5*o - j - t - 11 = 0. Suppose -s + o = -28. List the prime factors of s.
2
Suppose 0 = 3*n + 5*x - 1587, -2*x - 3 = 3. List the prime factors of n.
2, 3, 89
Suppose -72800 = -60*q - 10460. List the prime factors of q.
1039
Let q = 17 + -6. Let n(r) = -2*r**2 + 7*r + 2. Let u be n(6). Let k = q - u. List the prime factors of k.
3, 13
Let v(k) = -k**3 - 11*k**2 + 11*k + 24. Let x be v(-11). Let o = x - -122. List the prime factors of o.
5
Let c = -96 - -98. Suppose -5*o + 349 = c*v, 4*o + 3*v = -0*o + 282. List the prime factors of o.
3, 23
Let d(s) = s + 2. Suppose 2*u + 2*u = -5*z + 16, -3*z = u - 4. List the prime factors of d(z).
2
Suppose -4*s + 44*s = 18840. What are the prime factors of s?
3, 157
Suppose -3*o - 4*j = -634, -5*o + 0*j + 4*j = -1078. List the prime factors of o.
2, 107
Suppose 2*d - 4*i = 3850, 4*d - 5*i = -10*i + 7661. What are the prime factors of d?
19, 101
Suppose -12*v + 2975 = -1009. What are the prime factors of v?
2, 83
What are the prime factors of 9756/15*30/(-12)*-1?
2, 3, 271
Suppose -10780 = -6*n + 3698. What are the prime factors of n?
19, 127
Let j(p) = 7*p**2 - 6*p - 11. Suppose -51*s = -50*s - 6. What are the prime factors of j(s)?
5, 41
Let f(g) = -15*g**3 - g - 6. Let w be f(-2). Suppose 445 + 117 = 5*h - 2*x, -4*x = -h + w. List the prime factors of h.
2, 7
Let y = 557 + -236. List the prime factors of y.
3, 107
Let n be (-2)/((-1)/(-46)*2). Let s = n - 0. Let h = s + 101. What are the prime factors of h?
5, 11
Let a = -183 + 291. Suppose 3*c - a = -6*c. What are the prime factors of c?
2, 3
Let m(y) = y**3 + 12*y**2 + 6*y + 4. Let u = -54 - -49. List the prime factors of m(u).
149
Let q(n) = -50*n + 96. What are the prime factors of q(-5)?
2, 173
What are the prime factors of (3 + -4)/((-8076)/(-808) - 10)?
2, 101
Let u be 240/(-10)*(-1)/2. Let c(z) = 4*z - 14. What are the prime factors of c(u)?
2, 17
Suppose 10 = 5*j, 3*j + 57 = 5*t - 2*t. Let g = t + 175. What are the prime factors of g?
2, 7
Let y = 1 - 0. Let z(i) = -3*i**2 + 10*i**2 + 6*i**2 - 2*i + 1. What are the prime factors of z(y)?
2, 3
Let a(x) = 23*x**3 + 2*x**2 - 2. Let o be a(-2). Let d = -98 - o. Let q = d + -55. List the prime factors of q.
5
Let w = 1559 + -942. Suppose -62 = 5*y - w. What are the prime factors of y?
3, 37
Suppose -8*u + 314 = -742. What are the prime factors of u?
2, 3, 11
Let t(y) = 3*y - 15. Let m be t(7). Suppose -2*r = -2*f, 0 = -m*f + 2*f + 2*r. Suppose -5*l + 8*l - 87 = f. What are the prime factors of l?
29
Let o(v) be the second derivative of 0 + 7*v - 17/6*v**3 - 5/4*v**4 - 1/20*v**5 - 7*v**2. What are the prime factors of o(-14)?
2, 7
Let m be (-24648)/(-60) + 2/10. Suppose 2*o + 2*k - m + 137 = 0, 3*k + 3 = 0. What are the prime factors of o?
2, 3, 23
Suppose -2499 = a + 6*a. Let p = a + 514. What are the prime factors of p?
157
Let y be (-12)/14 + 1 + 7/(-49). Suppose 2*u + 0 - 54 = y. List the prime factors of u.
3
Suppose 25 = l - 6*l. List the prime factors of ((-72)/15)/8 - 788/l.
157
Suppose 0 = 26*r - 86342 - 2240. List the prime factors of r.
3407
Let o(n) be the first derivative of 8*n**2 - 10*n - 1. List the prime factors of o(5).
2, 5, 7
Let h(y) = 2*y**2 + 12*y + 1. Let k be h(-6). Let j be k/(4 - 22/6). Suppose -j*l + 4*l = 35. List the prime factors of l.
5, 7
Let q(m) = m**3 - 5*m**2 - 2*m + 12. Let i be q(5). List the prime factors of (184/3)/(i/6).
2, 23
Let v(o) = -o**3 + 12*o**2 - 9*o - 20. Let l be v(11). Suppose 3*p = l + 226. What are the prime factors of p?
2, 19
Let z(r) = 118*r - 11. What are the prime factors of z(5)?
3, 193
Let i(x) = x**2 - 2*x + 4. Let p be i(3). Let r(f) = -f**3 + 6*f**2 + 11*f - 13. Let a be r(p). List the prime factors of a*(2 - 1) + -3.
2, 3
Let u = 33 + -31. List the prime factors of u/(2 + (-600)/303).
101
Let a = -910 - -1722. List the prime factors of a.
2, 7, 29
Suppose 0 = -3*m + 6*m + 9. What are the prime factors of m/(-18)*3*78?
3, 13
Suppose -12996 = 42*z - 51*z. What are the prime factors of z?
2, 19
Suppose 25 = -5*a - 0, a + 45 = 4*v. Suppose -v = 2*r, -l + 387 = 3*l + r. What are the prime factors of l?
2, 7
Let a(b) = 6*b + 11. Suppose 3*q + 4*m = -q + 36, 0 = 4*m - 8. What are the prime factors of a(q)?
53
Suppose -4*d = -2*l - 3*d + 39, 4*l - 60 = -4*d. Let b = l + -16. Suppose 0 = -2*c + 2*o + 60, 20 = -b*c - o + 71. List the prime factors of c.
3
Suppose 0 = -3*i + 7*i. Suppose i = -2*f + 4*f - 8. Suppose -f*w + 5*w - 33 = 0. What are the prime factors of w?
3, 11
Let c(u) = 2*u - 3. Let j be c(4). Suppose -j*h = -6 + 1. What are the prime factors of ((-68)/10)/(h/(-5))?
2, 17
Let o(b) = b**2 - 20*b - 97. What are the prime factors of o(30)?
7, 29
List the prime factors